{"id":1177,"date":"2020-10-08T08:23:20","date_gmt":"2020-10-08T08:23:20","guid":{"rendered":"https:\/\/americargo.net\/eng\/?page_id=1177"},"modified":"2025-07-03T18:41:34","modified_gmt":"2025-07-03T18:41:34","slug":"bolsa-de-trabajo","status":"publish","type":"page","link":"https:\/\/americargo.net\/eng\/bolsa-de-trabajo\/","title":{"rendered":"Bolsa de Trabajo"},"content":{"rendered":"<div class=\"wpb-content-wrapper\"><p>[vc_row][vc_column]\n\t\t\t\t<p class=\"rs-p-wp-fix\"><\/p>\n\t\t\t\t<sr7-module data-alias=\"home-2-0-1-000\" data-id=\"6\" id=\"SR7_6_1\" class=\"rs-ov-hidden\" data-version=\"6.7.9\">\n\t\t\t\t\t<sr7-adjuster><\/sr7-adjuster>\n\t\t\t\t\t<sr7-content>\n\t\t\t\t\t\t<sr7-slide id=\"SR7_6_1-21\" data-key=\"21\">\n\t\t\t\t\t\t\t<sr7-bg id=\"SR7_6_1-21-5\" class=\"sr7-layer\"><noscript><img decoding=\"async\" src=\"https:\/\/americargo.net\/eng\/wp-content\/uploads\/2025\/06\/Carreras.jpg\" alt=\"\" title=\"Carreras\"><\/noscript><\/sr7-bg>\n\t\t\t\t\t\t\t<sr7-txt id=\"SR7_6_1-21-0\" class=\"sr7-layer\">Impulsamos<\/sr7-txt>\n\t\t\t\t\t\t\t<sr7-txt id=\"SR7_6_1-21-1\" class=\"sr7-layer\">Avanzamos<\/sr7-txt>\n\t\t\t\t\t\t\t<sr7-txt id=\"SR7_6_1-21-2\" class=\"sr7-layer\">JUNTOS<\/sr7-txt>\n\t\t\t\t\t\t\t<h1 id=\"SR7_6_1-21-3\" class=\"sr7-layer\">Creemos en el talento de M\u00e9xico y por ello, brindamos oportunidades que trascienden fronteras para el desarrollo de nuestro equipo.<\/h1>\n\t\t\t\t\t\t\t<sr7-txt id=\"SR7_6_1-21-4\" class=\"sr7-layer\">TALENTO<\/sr7-txt>\n\t\t\t\t\t\t<\/sr7-slide>\n\t\t\t\t\t\t<sr7-slide id=\"SR7_6_1-23\" data-key=\"23\">\n\t\t\t\t\t\t<\/sr7-slide>\n\t\t\t\t\t<\/sr7-content>\n\t\t\t\t\t<image_lists style=\"display:none\">\n\t\t\t\t\t\t<img data-src=\"\/\/americargo.net\/eng\/wp-content\/uploads\/2025\/06\/Carreras.jpg\" alt=\"cdn_helper\" data-libid=\"1970\" data-lib=\"medialibrary\" width=\"0\" height=\"0\" data-dbsrc=\"Ly9hbWVyaWNhcmdvLm5ldC9lbmcvd3AtY29udGVudC91cGxvYWRzLzIwMjUvMDYvQ2FycmVyYXMuanBn\"\/>\n\t\t\t\t\t<\/image_lists>\n\t\t\t\t<\/sr7-module>\n\t\t\t\t<script>\n\t\t\t\t\tSR7.PMH ??={}; SR7.PMH[\"SR7_6_1\"] = {cn:0,state:false,fn: function() { if (_tpt!==undefined && _tpt.prepareModuleHeight !== undefined) {  _tpt.prepareModuleHeight({id:\"SR7_6_1\",el:[740,740,768,700,720],type:'standard',shdw:'0',gh:[740,740,768,700,720],gw:[1170,1170,1024,778,480],vpt:['-200px&#039;,&#039;-200px&#039;,&#039;-200px&#039;,&#039;-200px&#039;,&#039;-200px'],size:{fullWidth:true, fullHeight:false},mh:'0',onh:0,onw:0,bg:{color:'{\"orig\":\"transparent\",\"type\":\"solid\",\"string\":\"transparent\"}'},plType:'0',plColor:'#FFFFFF'});   SR7.PMH[\"SR7_6_1\"].state=true;} else if((SR7.PMH[\"SR7_6_1\"].cn++)<100)\tsetTimeout( SR7.PMH[\"SR7_6_1\"].fn,19);}};SR7.PMH[\"SR7_6_1\" ].fn();\n\t\t\t\t<\/script>\n[\/vc_column][\/vc_row][vc_row][vc_column][vc_empty_space height=&#8221;5em&#8221; alter_height=&#8221;none&#8221; hide_on_mobile=&#8221;&#8221;][\/vc_column][\/vc_row][vc_row][vc_column width=&#8221;1\/6&#8243;][vc_empty_space height=&#8221;7em&#8221; hide_on_mobile=&#8221;&#8221;][\/vc_column][vc_column width=&#8221;2\/3&#8243;][vc_column_text css=&#8221;&#8221;]<\/p>\n<h2>Construye el futuro de la log\u00edstica con nosotros<\/h2>\n<p><big>En AMERICARGO Logistics somos m\u00e1s que una empresa de log\u00edstica: somos un equipo que conecta personas, empresas y oportunidades. Ya sea por tierra, aire o mar, movemos lo que mueve al mundo. <\/big><\/p>\n<p><big>Nuestra gente es el motor de todo lo que hacemos. Buscamos profesionales con pasi\u00f3n, compromiso y visi\u00f3n para avanzar juntos. <\/big><\/p>\n<p><big>Seas especialista en log\u00edstica, ejecutivo comercial, analista financiero o reci\u00e9n egresado, en AMERICARGO hay un espacio para que desarrolles tu talento y construyas una carrera con impacto global. <\/big><\/p>\n<p><big>\u00bfEst\u00e1s listo para mover tu futuro con nosotros?<\/big><\/p>\n<p><big>\u00a0<\/big>[\/vc_column_text][vc_btn title=&#8221;CONTACTO&#8221; shape=&#8221;round&#8221; color=&#8221;danger&#8221; align=&#8221;left&#8221; i_align=&#8221;right&#8221; i_icon_fontawesome=&#8221;fab fa-whatsapp&#8221; css=&#8221;&#8221; add_icon=&#8221;true&#8221; link=&#8221;url:https%3A%2F%2Fwa.link%2Fklpzow&#8221;][vc_empty_space height=&#8221;5em&#8221; alter_height=&#8221;none&#8221; hide_on_mobile=&#8221;&#8221;][\/vc_column][vc_column width=&#8221;1\/6&#8243;][\/vc_column][\/vc_row]<\/p>\n<\/div>","protected":false},"excerpt":{"rendered":"<p>[vc_row][vc_column][\/vc_column][\/vc_row][vc_row][vc_column][vc_empty_space height=&#8221;5em&#8221; alter_height=&#8221;none&#8221; hide_on_mobile=&#8221;&#8221;][\/vc_column][\/vc_row][vc_row][vc_column width=&#8221;1\/6&#8243;][vc_empty_space height=&#8221;7em&#8221; hide_on_mobile=&#8221;&#8221;][\/vc_column][vc_column width=&#8221;2\/3&#8243;][vc_column_text css=&#8221;&#8221;] Construye el futuro de la log\u00edstica con nosotros En AMERICARGO Logistics somos m\u00e1s que una empresa de log\u00edstica: somos un equipo que conecta personas, empresas y oportunidades. Ya sea por tierra, aire o mar, movemos lo que mueve al mundo. Nuestra gente es el motor de todo lo que hacemos. Buscamos&hellip;<\/p>\n","protected":false},"author":1,"featured_media":0,"parent":0,"menu_order":0,"comment_status":"closed","ping_status":"closed","template":"","meta":{"footnotes":""},"class_list":["post-1177","page","type-page","status-publish","hentry"],"aioseo_notices":[],"_links":{"self":[{"href":"https:\/\/americargo.net\/eng\/wp-json\/wp\/v2\/pages\/1177","targetHints":{"allow":["GET"]}}],"collection":[{"href":"https:\/\/americargo.net\/eng\/wp-json\/wp\/v2\/pages"}],"about":[{"href":"https:\/\/americargo.net\/eng\/wp-json\/wp\/v2\/types\/page"}],"author":[{"embeddable":true,"href":"https:\/\/americargo.net\/eng\/wp-json\/wp\/v2\/users\/1"}],"replies":[{"embeddable":true,"href":"https:\/\/americargo.net\/eng\/wp-json\/wp\/v2\/comments?post=1177"}],"version-history":[{"count":9,"href":"https:\/\/americargo.net\/eng\/wp-json\/wp\/v2\/pages\/1177\/revisions"}],"predecessor-version":[{"id":2076,"href":"https:\/\/americargo.net\/eng\/wp-json\/wp\/v2\/pages\/1177\/revisions\/2076"}],"wp:attachment":[{"href":"https:\/\/americargo.net\/eng\/wp-json\/wp\/v2\/media?parent=1177"}],"curies":[{"name":"wp","href":"https:\/\/api.w.org\/{rel}","templated":true}]}}